or of s and q.
3
Let p be (-53)/(-2) + 18/(-12). Suppose 17*f - 6*f - 44 = 0. Suppose v = -f, -v = -5*u + 5 + 24. Calculate the greatest common divisor of u and p.
5
Suppose 2*v + 32 = -r - 2*r, 3*r + 42 = 3*v. Let y be (r/4 - 0)/(1 - 0). Let a be (3 + (-28)/8 - y)*10. Calculate the highest common factor of 275 and a.
25
Let x = -16515 - -17110. Calculate the greatest common factor of 510 and x.
85
Let o = -4143 + 4251. What is the highest common divisor of 378 and o?
54
Let z be -3 + (-7 - -3 - -17). Let f(t) = -t + 29. Let d be f(z). Let a(g) = 5*g**2 + 2*g + 3. Let v be a(-2). What is the highest common divisor of v and d?
19
Suppose -4*v - 31*i + 33*i = -190, -81 = -2*v + 3*i. Calculate the greatest common factor of v and 1326.
51
Let r = 8901 + -4514. What is the greatest common factor of 107 and r?
107
Let a(c) = 3*c**3 - 8*c**2 - 8*c + 12. Let o be a(6). Let z(d) = 28*d - 439. Let k be z(16). What is the highest common factor of k and o?
9
Let i = 6508 - 5983. What is the highest common factor of i and 735?
105
Let v(q) = -q**2 - 44*q - 278. Let r be v(-33). Let p = 75 - 70. What is the highest common factor of r and p?
5
Suppose 0 = -6*z - 3*l + 573, 37*l - 35*l + 500 = 5*z. Calculate the greatest common factor of z and 4802.
98
Let r = -6021 + 6084. What is the highest common factor of r and 525?
21
Let m = 4 - -1. Suppose 104 = -b + 5*b + t, m*b + 3*t = 137. Let c be (-24 + b)/((-1)/(-66)). What is the highest common divisor of 11 and c?
11
Suppose 3*f = -4*s + 36, 4*f - 72 + 28 = -4*s. What is the greatest common divisor of f and 1636?
4
Let v(j) = -5*j - 301. Let c be v(-84). What is the greatest common factor of c and 329?
7
Let r(i) = -17*i**2 - 131*i - 5. Let m be r(-7). What is the greatest common divisor of 1 and m?
1
Let w be ((-790256)/(-44))/2 - (-46)/(-253). Calculate the highest common factor of w and 20.
20
Let c be 17/(-51) + 48/8 + (-198704)/(-6). What is the greatest common factor of 183 and c?
183
Suppose -173*n + 14616 = -110*n. Calculate the greatest common divisor of 493 and n.
29
Let s = 143 - 141. Let p be (2/(-6))/((-16)/240). Suppose 0 = 3*d + 4*k + p - 16, -5*k + 10 = 3*d. Calculate the greatest common divisor of s and d.
1
Let o(l) = -114*l + 260. Let s be o(1). Calculate the highest common factor of 5402 and s.
146
Let t(j) = 43*j**2 - 2. Let r be t(-1). Suppose 3*s - 335 = 118. Suppose -3*f + 4*c + r = -90, 3*f + c = s. What is the highest common factor of 7 and f?
7
Let k = -5390 + 12964. Calculate the greatest common divisor of k and 14.
14
Let b = -518 + 523. Suppose -b*d = 11*d - 512. Calculate the highest common factor of 48 and d.
16
Suppose 4*i = i + 279. Let x = i + -37. Suppose -3*b = -2*q - 254, -328 = 145*b - 149*b - 8*q. What is the highest common factor of b and x?
28
Let u be 90/(-4)*(288/(-32) + (-93)/(-9) - 4). Suppose 0 = -0*p - p + 4*g + 184, p = -3*g + 198. What is the highest common divisor of u and p?
12
Suppose -16 + 43 = 2*q - o, 3*o + 49 = 4*q. Suppose -q*r - 504 = -22*r. What is the highest common factor of r and 12?
12
Suppose 2*r - 109 = -3*z, 2*z = 3*r - 257 + 87. Calculate the greatest common divisor of r and 328.
8
Let z = 9131 - 9038. What is the highest common divisor of 496 and z?
31
Suppose -5*c + 6619 = 2*o - 1763, -30 = 5*c. What is the highest common divisor of o and 6?
6
Let h(c) = -c**2 + 72*c + 925. Let w be h(-11). Calculate the greatest common divisor of w and 276.
12
Suppose -10*l + 2*l + 24 = 0. Suppose l*r + 21 = 5*b, 6*b = b - 5*r + 5. Suppose 6*c - 60 = b*c. What is the greatest common divisor of 10 and c?
10
Let t(m) = 11*m + 225. Let d be t(16). Let f = d + -347. Let h be (-124)/(-7) + 6/21. What is the highest common divisor of h and f?
18
Suppose -5*v + n + 3903 + 759 = 0, -5*v + 4*n = -4653. What is the greatest common divisor of 6 and v?
3
Let r(n) = 2*n**2 - 65*n + 36. Let y be r(32). Suppose 0*f - 4*f = -t - 1539, y*t - 1140 = -3*f. What is the highest common divisor of 96 and f?
96
Let l(y) = 62*y - 4. Let g be l(-1). Let u = g + 150. What is the highest common divisor of 12 and u?
12
Let z be (-1 + -914)*(2 - ((-444)/(-36) + -7)). Calculate the greatest common divisor of 50 and z.
50
Suppose 126*j = 113*j + 3042. What is the greatest common divisor of j and 286?
26
Suppose -l + 4*o - 11 = 1, -4 = l - 2*o. Suppose -4*x + l*k = -40, 2*k = -x - k + 18. Calculate the highest common divisor of x and 348.
12
Suppose -i + 189 = c, -402 = -c - c + 4*i. Let q = 310 - c. Suppose 38*u + 8*u - 598 = 0. What is the highest common factor of q and u?
13
Suppose 756 = 6*k + 216. What is the highest common divisor of k and 234?
18
Let l(a) = 76*a - 177. Let v be l(3). Let m(u) = -23*u + 44. Let q be m(-4). What is the greatest common factor of q and v?
17
Suppose -836 = -5*q + z + 186, 2*z = 2*q - 404. Calculate the highest common factor of 10 and q.
5
Suppose 4*i + 2*l - 6454 = 0, -1736 + 8191 = 4*i + l. Let h be i/21 + 4/28. Calculate the greatest common factor of h and 11.
11
Let q = -8 - -13. Let o be 2/q + 20538/105. Suppose -g - 43 = -92. What is the highest common divisor of g and o?
49
Let l = -233 - -246. Calculate the highest common factor of l and 260.
13
Let u(h) = h**3 - h**2 - 5*h - 3. Let o be u(4). Let l = 26 - 25. Suppose -76 + l = -3*q. What is the highest common factor of q and o?
25
Let h(s) = 60*s**2 - 16*s + 36. Let o(d) = d - 6. Let t(r) = h(r) + 4*o(r). Let m be t(1). Calculate the highest common factor of m and 420.
60
Let l = 250 - 245. Suppose -3*s + 28 = l*t, 14*s - 9*s = -t + 32. What is the greatest common divisor of 24 and s?
6
Let o(i) = -41*i - 16 + 40*i + 49. Let r be o(19). Suppose -2*d + 0*d - 2*y = -r, -5*y + 10 = 0. Calculate the highest common factor of d and 20.
5
Suppose 0 = 2*b - 4*v - 2360, 4*b + 449 = -3*v + 5180. Calculate the highest common factor of b and 66.
6
Let q = 2657 - 2590. Calculate the highest common factor of 7 and q.
1
Suppose l - 143 = -3*c, 3*l - 46 - 347 = 3*c. Let f = -113 + l. Let m(u) = 13*u - 5. Let z be m(2). Calculate the greatest common divisor of z and f.
21
Suppose 9*h = 4*h + 270. Let z = -48 + h. Let u = -6 - -10. Calculate the greatest common divisor of u and z.
2
Let m = 63 + -33. Let v = -230 - -623. Suppose v = 11*f - 597. Calculate the greatest common factor of f and m.
30
Let t = -153 + 937. Let i be t/(-12)*(-12)/16. What is the greatest common divisor of i and 14?
7
Suppose -2*p = 2*p + 24. Let j(i) = -26*i + 33. Let a(r) = -9*r + 11. Let x(v) = p*j(v) + 17*a(v). Let y be x(8). What is the highest common factor of y and 26?
13
Let y = 19 + -14. Suppose -4*m = f + 135 - 11, -y*f = 4*m + 140. Let z = -22 - m. Calculate the highest common factor of 56 and z.
8
Suppose 0 = -0*c + 3*c - 945. Let d(j) = 2*j**2 + 145*j - 305. Let z be d(-75). Calculate the greatest common factor of c and z.
35
Let k be (-5948)/(-36) - 3 - (-18)/(-81). Suppose 5 = 163*i - k*i. Calculate the highest common factor of i and 1.
1
Let v = 487 - 342. Suppose 2*t - 53 = 3*y, 2*t + 3*t + 5*y = v. Let q(d) = -d**2 - 22*d + 21. Let s be q(-21). What is the greatest common divisor of s and t?
14
Suppose 3*d + 1 = -2*p + 3*p, -3*p + 5*d + 3 = 0. Let k be (1*p/(-3))/((-1)/9). Let l be 99/6 + 2 - k/6. Calculate the highest common divisor of l and 90.
18
Suppose -k - 2*g + 69 = 0, 4*g - 85 + 24 = -k. Calculate the greatest common divisor of 413 and k.
7
Suppose -89*g = -38*g - 561. What is the greatest common factor of 4411 and g?
11
Let j(p) = p**3 - 5*p**2 - 6*p - 2. Let i be j(7). Let m = -123 - -285. What is the highest common factor of m and i?
54
Suppose 18*h = 12*h + 2940. Suppose -s + 242 = 2*i, -3*i - i = 5*s - h. What is the greatest common factor of i and 160?
40
Let y be (-12)/(12/(-2)) - -21273. Suppose 17*z - y = -20*z. Calculate the highest common factor of 23 and z.
23
Let j = -8 + 11. Let w be j + (1 - (-61 - -2)). Suppose -y - 32*y + 231 = 0. What is the highest common factor of w and y?
7
Suppose 530 = 2*v + 3*v - q, 0 = -v - 5*q + 80. Suppose 132 = -0*f + 4*f. Suppose h + 3*w = f, 36 = h + w + w. Calculate the greatest common factor of v and h.
21
Let c be (-1 + -5 + 10 - -36)*276/2. What is the greatest common factor of 720 and c?
240
Let x = 0 - 166. Let k = x - -238. Let m be (-29)/145 - (-92)/10. C